)/(4/8). Let k be ((-38)/(-3))/i*3. Suppose 2*o + k = 3*o. Is o a prime number?
True
Let o = -9 - -13. Suppose o*k = -3 + 11. Is k + 0 + 0 - -5 a composite number?
False
Suppose 4*c - 488 = -0*c. Let p = c - 70. Suppose -163 = -3*q - p. Is q composite?
False
Suppose -k - 3 + 1 = 0. Is k/(1076/(-356) - -3) a composite number?
False
Suppose 14 = a - 5*g, -4*a = -5*g - 11 - 0. Is (45/3 + a)/2 prime?
True
Suppose 359 = 8*q - 1057. Is q a prime number?
False
Is (-1)/(-2) + 2293/2 composite?
True
Suppose 4*p - 31 = -11. Suppose p*i = 326 + 19. Is i a prime number?
False
Suppose -1452 = -3*t - s, 4*s + 335 = 2*t - 647. Is t prime?
False
Suppose 3*t = -93 + 3. Suppose 3*c - 590 = -5*x + 8*c, -c = 3*x - 374. Let o = x + t. Is o a composite number?
True
Let c(r) = 319*r - 14. Is c(4) prime?
False
Let o be (-54)/(-15) - 2/(-5). Suppose 3*d + 482 = o*g + 6*d, -3*d - 351 = -3*g. Is g composite?
True
Suppose -6 = u - 2*u. Let d(j) = 4*j - 2. Let x be d(u). Suppose 2*p - x = -3*k, p - k = -p + 30. Is p a prime number?
False
Is (4/6)/((-18)/(-15201)) a composite number?
False
Let p = -145 + 234. Is p prime?
True
Is ((-947466)/12)/(-13)*(-2)/(-3) composite?
False
Let p be ((-6)/5)/(4/(-10)). Suppose -p*y + 2*i - 12 = -y, 0 = 3*y + 5*i - 22. Is (-4056)/(-32) + y/(-4) composite?
False
Suppose -1 = -5*i + 4, 4*g = 2*i + 7090. Let s(y) = -2*y**2 - 23*y. Let o be s(-11). Is g/o - 10/55 prime?
False
Is 1586/4 - 1/(-2) a composite number?
False
Let y(d) = 38*d**3 + d**2 - d + 1. Is y(2) a composite number?
False
Is (-15)/(-6)*5262/15 prime?
True
Let f = -263 + 474. Is f composite?
False
Let c = -75 - -334. Is c composite?
True
Let i(m) = -10*m - 3. Let y = -12 - -2. Let k = y - -5. Is i(k) a composite number?
False
Let s = 19 + -2. Suppose s + 146 = 2*v - 3*r, -3*v + 3*r + 246 = 0. Is v a prime number?
True
Let s(i) = -i**3 + 15*i**2 + i + 13. Let j be s(11). Suppose 0 = 7*c - 3*c - j. Is c composite?
False
Let f(t) = t**2 - 4*t - 4. Let h be f(5). Let j(z) = -2*z**2 + 2*z**2 - 1 + z + 35*z**3. Is j(h) a composite number?
True
Suppose 3*k = 4*c + c + 1898, 0 = 5*k - c - 3156. Is k a composite number?
False
Let q be 6 + -3 + -5 - -781. Suppose 6*u = -5*c + 3*u + q, 4*u = -5*c + 777. Is c a composite number?
False
Let c(m) = m**3 - 4*m**2 + 3*m + 1. Let n be c(3). Let y be (3/6)/(n/8). Suppose -y*w = w - 485. Is w prime?
True
Let g be ((-4)/6)/((-4)/(-6)). Let q be 46/(-6)*36/(-4). Is -2 + g/((-1)/q) a prime number?
True
Let m(a) = -4*a - 4. Let s be m(-3). Let i = s + -6. Suppose -2*k = 6, -i*k + 390 - 70 = 2*z. Is z composite?
False
Let n(d) = -d**3 - 10*d**2 - 10*d - 6. Let w be n(-9). Suppose -249 = w*x - 6*x. Is x a prime number?
True
Suppose 3*a + 68 = -3*j + 461, 0 = 3*j - 2*a - 388. Suppose -46*q = -45*q - 93. Let o = j - q. Is o a prime number?
True
Let s be ((-10)/(-4))/(-5)*-1234. Let w = -237 + s. Suppose 115 = -5*r + w. Is r a composite number?
False
Let o = -6 - -13. Is o composite?
False
Suppose -2*u + 206 = 4*f, -u - 22 = f - 125. Is u composite?
False
Suppose 1 - 1073 = -4*v. Suppose -5*a = m - 352, -2*m + 49 = -3*a + v. Is a composite?
False
Suppose 0*q + q - 455 = p, 0 = -2*q - 3*p + 935. Suppose 15 = 3*z, -5*k = z - q - 100. Is k composite?
True
Let z(f) = -f**2 + 4*f + 3. Let d be z(5). Let t be 0/(2/d*-2). Suppose t*q + 3*x = 4*q - 392, -q = -5*x - 115. Is q a composite number?
True
Let k be ((-2)/4)/(2/(-8)). Let j = -96 - -266. Suppose -3*r - k*r = -j. Is r a prime number?
False
Let l(i) = i**2 + 3*i + 7. Is l(13) composite?
True
Suppose -5*v + 89 = 4*u, -4*v + 27 = 5*u - 91. Let c(z) = -z**3 + 11*z**2 + 12*z - 11. Let g be c(12). Let k = u - g. Is k composite?
False
Let o(v) = -v**3 + 10*v**2 - 5*v - 9. Is o(8) a prime number?
True
Suppose -6*x + 0*x = -2676. Is x prime?
False
Suppose 0*t + t - 224 = -y, 0 = -y + t + 222. Is y composite?
False
Suppose 0 = 3*k - 411 + 84. Is k a prime number?
True
Suppose 0 = -0*v + v - 4*f - 4, -5 = v + 5*f. Let q = v + 46. Is q prime?
False
Let o(l) = 364*l + 25. Is o(3) prime?
True
Suppose -s + 153 = 2*d - 4*d, 2*d + 733 = 5*s. Is s prime?
False
Let s(j) = 2*j**3 + 2*j**2 - j. Let m be s(1). Let t(k) = m + 2*k + 0 + 2. Is t(7) a composite number?
False
Suppose 0 = -v - v + 174. Suppose 19 = 2*b - v. Is b a prime number?
True
Suppose -4*l = -3*x + 2044 - 365, 0 = 3*x + 2*l - 1649. Is x prime?
False
Suppose -2*n - 20*n = -22198. Is n a composite number?
False
Suppose 0*c - 3*c - 621 = 0. Let g = 406 + c. Is g composite?
False
Let n(w) = -18*w**3 - 2*w**2 + 3*w + 10. Is n(-5) a prime number?
False
Suppose 0 = -o - 2*o - 3. Let f be o/(-5) + 338/10. Let d = -15 + f. Is d prime?
True
Let x(p) = p**3 + 5*p**2 - 5*p + 2. Is x(11) a prime number?
False
Suppose -v = -0*v - 815. Is v composite?
True
Suppose 3*k = 5*k. Suppose -2*a + 8 + 18 = k. Is a prime?
True
Suppose t - p + 5798 = 352, -16339 = 3*t - 4*p. Is t/(-21) + (-2)/7 composite?
True
Suppose 5*s - 9 = 16. Is s/(-15) + (-880)/(-3) a prime number?
True
Let u(w) = -23*w + 29. Is u(-4) a prime number?
False
Let m(k) = -k**3 + 73. Let u be m(0). Suppose 102 + 3 = t + 4*h, u = t - 4*h. Is t a prime number?
True
Let y(k) = k + 13. Let q be y(-9). Suppose -3*j = -j + q. Let u(a) = -3*a**3 + 4*a**2 + 2*a - 1. Is u(j) composite?
True
Let y be (0 - 6)*10/(-15). Suppose -y*s + 33 = -3*s. Is s composite?
True
Suppose -88019 = -21*o - 25124. Is o a composite number?
True
Let k = -6223 + 8876. Is k prime?
False
Suppose -9*h + 8*h + 21 = 0. Let i be h/(-12) + (-2)/8. Is 2654/10 - i/(-5) prime?
False
Suppose 0*g - 3*g = 126. Let a = 61 + g. Is a a prime number?
True
Let f(w) = -37*w - 4 + 2 - 2 - 4. Let n be f(-9). Suppose -8*r + n = -3*r. Is r a composite number?
True
Suppose 1 = 2*y - i - 0*i, 4 = -5*y - 4*i. Let g = y + 1. Is g/(3*2/234) prime?
False
Let x(o) = o**2 - 6*o + 4. Let i be 6/(-3 - 0) - -6. Let s be x(i). Let k = s + 10. Is k composite?
True
Suppose 7 = 4*r - 1. Suppose p + r*k = 75, 458 = 4*p + 3*k + 148. Is p a composite number?
False
Let u = 182 - 274. Let m = 258 + u. Suppose -5*s = -m - 129. Is s composite?
False
Let g(l) be the second derivative of -l**5/20 - l**4/4 + 4*l**3/3 + 2*l**2 + 4*l. Is g(-5) a composite number?
True
Suppose 0 = -3*v + 5*s - 13, -5*s = 5*v - 0 - 5. Let x be (3 + 0 + 1)/v. Is 3 - -32*(-3 - x) a composite number?
True
Suppose 785 = 5*s + i, -3*s + 471 = i - 6*i. Is s a prime number?
True
Let o(i) = 4*i**2 - 6*i + 1. Is o(8) a prime number?
False
Let d(s) = 769*s + 3. Is d(4) prime?
True
Let z = -162 - -239. Is z composite?
True
Let s(m) = 73*m - 4. Let g be 3/9*3 + 2. Is s(g) prime?
False
Suppose 0 = l - 5, 5*d + 2*l = -l + 30. Suppose d*c = -2*c. Suppose -4*o + 2*j = 7*j - 102, c = 2*o + 2*j - 50. Is o a composite number?
False
Let x(h) = -h**3 - 10*h**2 + 7*h + 7. Is x(-11) composite?
True
Let c(r) = r**2 - 5*r + 6. Let w be c(3). Suppose 5*o - 5 = -2*p + 68, w = 3*o - p - 46. Is o a prime number?
False
Suppose n + 254 = 2*n. Is n prime?
False
Suppose -2335 = -3*c - 2*c. Is c a prime number?
True
Suppose -f + 12 = -5*f. Let c be -47*1/(-1) + f. Suppose 0 = -o + 51 + c. Is o composite?
True
Let f = -187 - -278. Is f composite?
True
Let u(g) = -g**3 - g**2 + g + 67. Let z be ((-1)/(-2) - 0)*0. Is u(z) a prime number?
True
Let b be 6*(2 + (-32)/6). Is (-376)/b - (-2)/10 a composite number?
False
Let w = 1242 - 2155. Let b = w + 1622. Is b a prime number?
True
Suppose 0 = 5*w + 3*h + 46, -3*h = -0*w - 4*w - 26. Is 400/18 + w/36 composite?
True
Is 6*(0 - (-265)/10) composite?
True
Let u = 2 + 3. Suppose w - 106 = -w + 4*y, 4*w = -u*y + 173. Is w a prime number?
True
Let q be ((-24)/(-14))/((-1)/(-7)). Let x = q - 8. Suppose 0*m + 22 = 2*m + i, -x*i + 49 = 5*m. Is m composite?
False
Suppose 4*b = g - 23, 3*b - 4*b - 14 = -3*g. Suppose -n + 19 + 17 = 4*u, 0 = -g*n. Is 96/u + 4/(-6) prime?
False
Let b be (1/2)/(9/36). Is (102/24)/(b/40) composite?
True
Let s(y) = 28*y**2 - 3*y - 2. Let a be s(4). Let x = 921 - a. Is x prime?
True
Suppose -2523 = -14*q + 11*q. Is q a prime number?
False
Let u(m) = 11*m**3 - 1. Let a be u(-1). Is (1/2)/((-1)/a) prime?
False
Let b = -288 - -623. Is b a prime number?
False
Suppose 3*q = -121 + 2251. Let l be (q/(-20))/(2/(-4)). Suppose 4*o - l + 19 = 0. Is o a prime number?
True
Let v = -1 + 1. Suppose 